 and 10081.
1
What is the highest common factor of 15011 and 1055185?
883
What is the highest common divisor of 490700 and 5600?
700
Calculate the greatest common divisor of 1105 and 21029.
17
What is the highest common divisor of 149040 and 184?
184
Calculate the highest common divisor of 1260 and 500.
20
What is the highest common divisor of 234 and 124002?
18
Calculate the greatest common factor of 147 and 79947.
21
What is the greatest common divisor of 249750 and 250?
250
What is the highest common divisor of 407 and 2479?
37
Calculate the highest common divisor of 122770 and 6.
2
Calculate the greatest common factor of 432938 and 44.
22
What is the highest common divisor of 30 and 117870?
30
Calculate the greatest common factor of 1521 and 5460.
39
What is the greatest common divisor of 11258 and 2015?
13
What is the highest common factor of 53372 and 1628?
44
What is the highest common factor of 8612 and 100?
4
Calculate the greatest common factor of 428 and 268.
4
What is the highest common divisor of 33936 and 5712?
336
What is the highest common factor of 17782 and 170?
34
What is the highest common factor of 68 and 166396?
68
Calculate the highest common divisor of 569840 and 102.
34
What is the highest common factor of 340 and 11397140?
340
Calculate the greatest common divisor of 244 and 5193418.
122
Calculate the greatest common divisor of 4199010 and 90.
30
What is the greatest common factor of 3103 and 667?
29
Calculate the greatest common divisor of 713 and 7015.
23
What is the greatest common factor of 382 and 1163763?
191
Calculate the highest common factor of 477 and 2863272.
159
Calculate the greatest common factor of 7 and 2950773.
7
What is the greatest common divisor of 861 and 55842?
123
Calculate the greatest common factor of 12300 and 180.
60
Calculate the highest common factor of 53 and 123278.
53
What is the highest common factor of 308290 and 170?
10
Calculate the greatest common divisor of 11568 and 1776.
48
Calculate the greatest common factor of 72 and 1823004.
36
What is the highest common divisor of 162 and 112482?
54
What is the greatest common factor of 10295379 and 186?
93
What is the greatest common factor of 8633 and 2225?
89
What is the greatest common divisor of 745858 and 204?
34
Calculate the highest common divisor of 29 and 6844.
29
Calculate the highest common divisor of 5428 and 3404.
92
Calculate the greatest common factor of 3788889 and 39.
39
Calculate the greatest common divisor of 791885 and 545.
545
Calculate the greatest common factor of 114400 and 128.
32
Calculate the greatest common factor of 6692 and 2884.
28
What is the highest common divisor of 251713 and 44?
11
Calculate the highest common factor of 501 and 37408.
167
Calculate the highest common factor of 2 and 51937.
1
Calculate the highest common divisor of 168 and 1682688.
168
Calculate the greatest common divisor of 34983 and 69.
69
Calculate the greatest common divisor of 17888 and 39.
13
What is the highest common factor of 11 and 30244?
1
What is the greatest common factor of 3888 and 184356?
324
Calculate the highest common factor of 108625 and 869.
869
What is the highest common factor of 7167 and 51?
3
Calculate the greatest common factor of 1674 and 1395.
279
What is the highest common divisor of 88 and 82126?
22
What is the greatest common factor of 2378 and 7192?
58
Calculate the highest common factor of 4011 and 772213.
191
What is the highest common factor of 3346 and 108028?
478
Calculate the highest common divisor of 566837 and 393.
131
What is the greatest common divisor of 441602 and 28?
14
Calculate the greatest common factor of 4048 and 7040.
176
Calculate the greatest common divisor of 37895 and 22.
11
Calculate the greatest common divisor of 2752 and 13304.
8
Calculate the greatest common divisor of 9016 and 5880.
392
Calculate the greatest common divisor of 42 and 48006.
42
What is the highest common factor of 152 and 15466?
38
Calculate the highest common factor of 744 and 1311424.
248
What is the highest common divisor of 1138023 and 18?
9
What is the highest common factor of 616 and 5404?
28
What is the highest common factor of 140 and 1562540?
140
What is the greatest common divisor of 207175 and 20?
5
What is the greatest common divisor of 29993 and 5607?
89
What is the greatest common divisor of 797434 and 2164?
1082
Calculate the greatest common divisor of 32703 and 2112.
33
What is the greatest common factor of 104821 and 74?
37
Calculate the highest common divisor of 2147 and 113.
113
What is the highest common factor of 3820908 and 468?
156
Calculate the highest common factor of 36 and 129576.
12
Calculate the highest common divisor of 1583 and 5.
1
Calculate the highest common divisor of 251446 and 494.
494
What is the greatest common divisor of 355079 and 289?
17
Calculate the highest common factor of 39514 and 621.
23
Calculate the highest common divisor of 8756 and 88.
44
Calculate the highest common factor of 712 and 324316.
356
Calculate the highest common factor of 6388395 and 117.
39
What is the highest common factor of 969 and 3417?
51
Calculate the highest common divisor of 32 and 372304.
16
Calculate the highest common divisor of 12350201 and 29.
29
Calculate the highest common divisor of 890 and 57405.
445
What is the greatest common divisor of 267 and 40406?
89
What is the highest common divisor of 4 and 88644?
4
What is the greatest common factor of 8352 and 9216?
288
What is the greatest common factor of 8645 and 40313?
91
What is the greatest common factor of 9997 and 4589?
13
Calculate the highest common divisor of 828 and 16744.
92
Calculate the greatest common factor of 24389 and 232.
29
Calculate the highest common factor of 39 and 495105.
39
What is the greatest common divisor of 211057 and 77?
77
Calculate the greatest common factor of 382710 and 60.
30
Calculate the greatest common divisor of 157498 and 66.
22
Calculate the greatest common divisor of 189 and 700299.
27
Calculate the greatest common divisor of 445788 and 42.
42
What is the highest common divisor of 469 and 47972?
67
What is the highest common factor of 7592 and 3016?
104
Calculate the greatest common factor of 38 and 165034.
38
Calculate the highest common factor of 76 and 95950.
38
Calculate the greatest common divisor of 572 and 5288998.
286
Calculate the highest common divisor of 17953 and 78.
13
Calculate the greatest common divisor of 100 and 372.
4
Calculate the highest common divisor of 2123 and 803.
11
Calculate the highest common divisor of 81 and 195606.
9
What is the greatest common divisor of 7667850 and 93?
93
What is the greatest common factor of 26462 and 1?
1
What is the greatest common divisor of 93753 and 88?
11
Calculate the highest common divisor of 36804 and 48.
12
What is the greatest common divisor of 7183 and 22?
11
What is the highest common divisor of 17380 and 2220?
20
What is the greatest common factor of 12 and 617244?
12
What is the highest common divisor of 2324298 and 6?
6
What is the greatest common factor of 7860 and 147244?
524
Calculate the highest common factor of 10608 and 19578.
78
Calculate the highest common factor of 9345 and 41385.
1335
Calculate the greatest common factor of 2946 and 1456306.
982
What is the greatest common factor of 4329 and 211122?
333
What is the greatest common factor of 113184 and 135?
27
Calculate the greatest common divisor of 2528253 and 54.
27
What is the greatest common factor of 10617 and 39?
3
What is the highest common factor of 19061 and 343?
49
Calculate the highest common factor of 34810 and 2655.
295
What is the highest common divisor of 195 and 653575?
65
What is the greatest common factor of 3269 and 187734?
467
What is the greatest common factor of 48777 and 142?
71
Calculate the greatest common divisor of 118 and 153754.
118
Calculate the greatest common factor of 46 and 277334.
46
Calculate the highest common divisor of 14847 and 17877.
303
Calculate the highest common factor of 758 and 100.
2
Calculate the greatest common factor of 54943 and 1269.
47
Calculate the highest common divisor of 45444 and 14.
14
Calculate the greatest common factor of 748350 and 450.
450
What is the greatest common divisor of 145 and 652413?
29
W